{"id":2307,"date":"2022-12-06T18:53:17","date_gmt":"2022-12-06T18:53:17","guid":{"rendered":""},"modified":"2023-04-14T00:12:21","modified_gmt":"2023-04-14T00:12:21","slug":"contactos","status":"publish","type":"page","link":"https:\/\/jaa.pt\/home\/contactos\/","title":{"rendered":"Contactos"},"content":{"rendered":"\n<div class=\"wp-block-columns alignfull are-vertically-aligned-center is-layout-flex wp-container-core-columns-is-layout-9d6595d7 wp-block-columns-is-layout-flex\">\n<div class=\"wp-block-column is-vertically-aligned-center is-layout-flow wp-block-column-is-layout-flow\">\n<div class=\"wp-block-buttons is-horizontal is-content-justification-center is-layout-flex wp-container-core-buttons-is-layout-499968f5 wp-block-buttons-is-layout-flex\"><\/div>\n<\/div>\n\n\n\n<div class=\"wp-block-column is-vertically-aligned-center is-layout-flow wp-block-column-is-layout-flow\">\n<div class=\"wp-block-buttons is-horizontal is-content-justification-center is-layout-flex wp-container-core-buttons-is-layout-499968f5 wp-block-buttons-is-layout-flex\"><\/div>\n<\/div>\n<\/div>\n\n\n\n<h1 class=\"wp-block-heading alignfull has-text-align-center\" id=\"h-talk-to-a-human\"><font style=\"vertical-align: inherit;\"><font style=\"vertical-align: inherit;\">Onde Estamos<\/font><\/font><\/h1>\n\n\n\n<div class=\"wp-block-columns is-layout-flex wp-container-core-columns-is-layout-9d6595d7 wp-block-columns-is-layout-flex\">\n<div class=\"wp-block-column is-layout-flow wp-block-column-is-layout-flow\">\n<h2 class=\"wp-block-heading\">Sintra<\/h2>\n\n\n\n<div>\n<p>\n<i class=\"fa fa-map-marker\" aria-hidden=\"true\"><\/i>\nRua M\u00e1rio Costa Ferreira Lima, 3, 2710-430, Sintra, Portugal<\/p>\n<\/div>\n<div>\n<i class=\"fa fa-envelope\" aria-hidden=\"true\"><\/i> jaa@jaa.pt\n<\/div>\n<p><\/p>\n<div>\n<i class=\"fa fa-mobile\" aria-hidden=\"true\"><\/i> +351 219236680<p><\/p>\n<p>\n<\/p><\/div>\n\n\n\n<iframe src=\"https:\/\/www.google.com\/maps\/embed?pb=!1m14!1m8!1m3!1d1532.398228480663!2d-9.375465170613044!3d38.80196499999999!3m2!1i1024!2i768!4f13.1!3m3!1m2!1s0xd1eda9911fdb751%3A0x7e580a19fcfc670b!2sR.%20M%C3%A1rio%20Costa%20Ferreira%20Lima%203%2C%202710-430%20Sintra%2C%20Portugal!5e1!3m2!1spt-BR!2sus!4v1676038742002!5m2!1spt-BR!2sus\" width=\"400\" height=\"360\" style=\"border:0;\" allowfullscreen=\"\" loading=\"lazy\" referrerpolicy=\"no-referrer-when-downgrade\"><\/iframe>\n<\/div>\n\n\n\n<div class=\"wp-block-column is-layout-flow wp-block-column-is-layout-flow\">\n<figure class=\"wp-block-image size-large\"><img loading=\"lazy\" decoding=\"async\" width=\"1024\" height=\"986\" src=\"https:\/\/jaa.pt\/home\/wp-content\/uploads\/2023\/02\/jaa_IMG-6276-scaled-e1676038197664-1024x986.jpg\" alt=\"\" class=\"wp-image-2724\" srcset=\"https:\/\/jaa.pt\/home\/wp-content\/uploads\/2023\/02\/jaa_IMG-6276-scaled-e1676038197664-1024x986.jpg 1024w, https:\/\/jaa.pt\/home\/wp-content\/uploads\/2023\/02\/jaa_IMG-6276-scaled-e1676038197664-300x289.jpg 300w, https:\/\/jaa.pt\/home\/wp-content\/uploads\/2023\/02\/jaa_IMG-6276-scaled-e1676038197664-768x740.jpg 768w, https:\/\/jaa.pt\/home\/wp-content\/uploads\/2023\/02\/jaa_IMG-6276-scaled-e1676038197664-1536x1479.jpg 1536w, https:\/\/jaa.pt\/home\/wp-content\/uploads\/2023\/02\/jaa_IMG-6276-scaled-e1676038197664.jpg 1920w\" sizes=\"auto, (max-width: 1024px) 100vw, 1024px\" \/><\/figure>\n<\/div>\n<\/div>\n\n\n\n<h1 class=\"wp-block-heading alignfull has-text-align-center\" id=\"h-talk-to-a-human\"><font style=\"vertical-align: inherit;\"><font style=\"vertical-align: inherit;\">Fale conosco<\/font><\/font><\/h1>\n\n\n\n<p class=\"has-text-align-center has-medium-font-size\"><font style=\"vertical-align: inherit;\"><font style=\"vertical-align: inherit;\">Estamos \u00e0 disposi\u00e7\u00e3o e prontos para ajudar com qualquer d\u00favida, coment\u00e1rio ou opini\u00e3o que voc\u00ea possa ter.<\/font><\/font><\/p>\n\n\n\n<div class=\"wp-block-columns is-layout-flex wp-container-core-columns-is-layout-9d6595d7 wp-block-columns-is-layout-flex\">\n<div class=\"wp-block-column is-layout-flow wp-block-column-is-layout-flow\" style=\"flex-basis:33.33%\">\n<h2 class=\"wp-block-heading alignfull has-text-align-center\" id=\"h-let-s-chat\">Vamos conversar<font style=\"vertical-align: inherit;\"><font style=\"vertical-align: inherit;\">!<\/font><\/font><\/h2>\n\n\n\n<figure class=\"wp-block-image size-large is-resized\"><img loading=\"lazy\" decoding=\"async\" src=\"https:\/\/jaa.pt\/home\/wp-content\/uploads\/2021\/03\/animated-arrow-form.gif\" alt=\"\" class=\"wp-image-2367\" width=\"368\" height=\"368\"\/><\/figure>\n\n\n\n<ul class=\"wp-block-social-links aligncenter is-content-justification-center is-layout-flex wp-container-core-social-links-is-layout-16018d1d wp-block-social-links-is-layout-flex\"><li class=\"wp-social-link wp-social-link-instagram  wp-block-social-link\"><a href=\"https:\/\/www.instagram.com\/joaoafonsoaguiar.adv\/\" class=\"wp-block-social-link-anchor\"><svg width=\"24\" height=\"24\" viewBox=\"0 0 24 24\" version=\"1.1\" xmlns=\"http:\/\/www.w3.org\/2000\/svg\" aria-hidden=\"true\" focusable=\"false\"><path d=\"M12,4.622c2.403,0,2.688,0.009,3.637,0.052c0.877,0.04,1.354,0.187,1.671,0.31c0.42,0.163,0.72,0.358,1.035,0.673 c0.315,0.315,0.51,0.615,0.673,1.035c0.123,0.317,0.27,0.794,0.31,1.671c0.043,0.949,0.052,1.234,0.052,3.637 s-0.009,2.688-0.052,3.637c-0.04,0.877-0.187,1.354-0.31,1.671c-0.163,0.42-0.358,0.72-0.673,1.035 c-0.315,0.315-0.615,0.51-1.035,0.673c-0.317,0.123-0.794,0.27-1.671,0.31c-0.949,0.043-1.233,0.052-3.637,0.052 s-2.688-0.009-3.637-0.052c-0.877-0.04-1.354-0.187-1.671-0.31c-0.42-0.163-0.72-0.358-1.035-0.673 c-0.315-0.315-0.51-0.615-0.673-1.035c-0.123-0.317-0.27-0.794-0.31-1.671C4.631,14.688,4.622,14.403,4.622,12 s0.009-2.688,0.052-3.637c0.04-0.877,0.187-1.354,0.31-1.671c0.163-0.42,0.358-0.72,0.673-1.035 c0.315-0.315,0.615-0.51,1.035-0.673c0.317-0.123,0.794-0.27,1.671-0.31C9.312,4.631,9.597,4.622,12,4.622 M12,3 C9.556,3,9.249,3.01,8.289,3.054C7.331,3.098,6.677,3.25,6.105,3.472C5.513,3.702,5.011,4.01,4.511,4.511 c-0.5,0.5-0.808,1.002-1.038,1.594C3.25,6.677,3.098,7.331,3.054,8.289C3.01,9.249,3,9.556,3,12c0,2.444,0.01,2.751,0.054,3.711 c0.044,0.958,0.196,1.612,0.418,2.185c0.23,0.592,0.538,1.094,1.038,1.594c0.5,0.5,1.002,0.808,1.594,1.038 c0.572,0.222,1.227,0.375,2.185,0.418C9.249,20.99,9.556,21,12,21s2.751-0.01,3.711-0.054c0.958-0.044,1.612-0.196,2.185-0.418 c0.592-0.23,1.094-0.538,1.594-1.038c0.5-0.5,0.808-1.002,1.038-1.594c0.222-0.572,0.375-1.227,0.418-2.185 C20.99,14.751,21,14.444,21,12s-0.01-2.751-0.054-3.711c-0.044-0.958-0.196-1.612-0.418-2.185c-0.23-0.592-0.538-1.094-1.038-1.594 c-0.5-0.5-1.002-0.808-1.594-1.038c-0.572-0.222-1.227-0.375-2.185-0.418C14.751,3.01,14.444,3,12,3L12,3z M12,7.378 c-2.552,0-4.622,2.069-4.622,4.622S9.448,16.622,12,16.622s4.622-2.069,4.622-4.622S14.552,7.378,12,7.378z M12,15 c-1.657,0-3-1.343-3-3s1.343-3,3-3s3,1.343,3,3S13.657,15,12,15z M16.804,6.116c-0.596,0-1.08,0.484-1.08,1.08 s0.484,1.08,1.08,1.08c0.596,0,1.08-0.484,1.08-1.08S17.401,6.116,16.804,6.116z\"><\/path><\/svg><span class=\"wp-block-social-link-label screen-reader-text\">Instagram<\/span><\/a><\/li>\n\n<li class=\"wp-social-link wp-social-link-linkedin  wp-block-social-link\"><a href=\"https:\/\/www.linkedin.com\/in\/jo%C3%A3o-afonso-aguiar-426254199\/\" class=\"wp-block-social-link-anchor\"><svg width=\"24\" height=\"24\" viewBox=\"0 0 24 24\" version=\"1.1\" xmlns=\"http:\/\/www.w3.org\/2000\/svg\" aria-hidden=\"true\" focusable=\"false\"><path d=\"M19.7,3H4.3C3.582,3,3,3.582,3,4.3v15.4C3,20.418,3.582,21,4.3,21h15.4c0.718,0,1.3-0.582,1.3-1.3V4.3 C21,3.582,20.418,3,19.7,3z M8.339,18.338H5.667v-8.59h2.672V18.338z M7.004,8.574c-0.857,0-1.549-0.694-1.549-1.548 c0-0.855,0.691-1.548,1.549-1.548c0.854,0,1.547,0.694,1.547,1.548C8.551,7.881,7.858,8.574,7.004,8.574z M18.339,18.338h-2.669 v-4.177c0-0.996-0.017-2.278-1.387-2.278c-1.389,0-1.601,1.086-1.601,2.206v4.249h-2.667v-8.59h2.559v1.174h0.037 c0.356-0.675,1.227-1.387,2.526-1.387c2.703,0,3.203,1.779,3.203,4.092V18.338z\"><\/path><\/svg><span class=\"wp-block-social-link-label screen-reader-text\">LinkedIn<\/span><\/a><\/li>\n\n<li class=\"wp-social-link wp-social-link-whatsapp  wp-block-social-link\"><a href=\"#\" class=\"wp-block-social-link-anchor\"><svg width=\"24\" height=\"24\" viewBox=\"0 0 24 24\" version=\"1.1\" xmlns=\"http:\/\/www.w3.org\/2000\/svg\" aria-hidden=\"true\" focusable=\"false\"><path d=\"M 12.011719 2 C 6.5057187 2 2.0234844 6.478375 2.0214844 11.984375 C 2.0204844 13.744375 2.4814687 15.462563 3.3554688 16.976562 L 2 22 L 7.2324219 20.763672 C 8.6914219 21.559672 10.333859 21.977516 12.005859 21.978516 L 12.009766 21.978516 C 17.514766 21.978516 21.995047 17.499141 21.998047 11.994141 C 22.000047 9.3251406 20.962172 6.8157344 19.076172 4.9277344 C 17.190172 3.0407344 14.683719 2.001 12.011719 2 z M 12.009766 4 C 14.145766 4.001 16.153109 4.8337969 17.662109 6.3417969 C 19.171109 7.8517969 20.000047 9.8581875 19.998047 11.992188 C 19.996047 16.396187 16.413812 19.978516 12.007812 19.978516 C 10.674812 19.977516 9.3544062 19.642812 8.1914062 19.007812 L 7.5175781 18.640625 L 6.7734375 18.816406 L 4.8046875 19.28125 L 5.2851562 17.496094 L 5.5019531 16.695312 L 5.0878906 15.976562 C 4.3898906 14.768562 4.0204844 13.387375 4.0214844 11.984375 C 4.0234844 7.582375 7.6067656 4 12.009766 4 z M 8.4765625 7.375 C 8.3095625 7.375 8.0395469 7.4375 7.8105469 7.6875 C 7.5815469 7.9365 6.9355469 8.5395781 6.9355469 9.7675781 C 6.9355469 10.995578 7.8300781 12.182609 7.9550781 12.349609 C 8.0790781 12.515609 9.68175 15.115234 12.21875 16.115234 C 14.32675 16.946234 14.754891 16.782234 15.212891 16.740234 C 15.670891 16.699234 16.690438 16.137687 16.898438 15.554688 C 17.106437 14.971687 17.106922 14.470187 17.044922 14.367188 C 16.982922 14.263188 16.816406 14.201172 16.566406 14.076172 C 16.317406 13.951172 15.090328 13.348625 14.861328 13.265625 C 14.632328 13.182625 14.464828 13.140625 14.298828 13.390625 C 14.132828 13.640625 13.655766 14.201187 13.509766 14.367188 C 13.363766 14.534188 13.21875 14.556641 12.96875 14.431641 C 12.71875 14.305641 11.914938 14.041406 10.960938 13.191406 C 10.218937 12.530406 9.7182656 11.714844 9.5722656 11.464844 C 9.4272656 11.215844 9.5585938 11.079078 9.6835938 10.955078 C 9.7955938 10.843078 9.9316406 10.663578 10.056641 10.517578 C 10.180641 10.371578 10.223641 10.267562 10.306641 10.101562 C 10.389641 9.9355625 10.347156 9.7890625 10.285156 9.6640625 C 10.223156 9.5390625 9.737625 8.3065 9.515625 7.8125 C 9.328625 7.3975 9.131125 7.3878594 8.953125 7.3808594 C 8.808125 7.3748594 8.6425625 7.375 8.4765625 7.375 z\"><\/path><\/svg><span class=\"wp-block-social-link-label screen-reader-text\">WhatsApp<\/span><\/a><\/li><\/ul>\n<\/div>\n\n\n\n<div class=\"wp-block-column is-layout-flow wp-block-column-is-layout-flow\" style=\"flex-basis:66.66%\">\n<div style=\"height:41px\" aria-hidden=\"true\" class=\"wp-block-spacer\"><\/div>\n\n\n<div class=\"everest-forms\"><div class=\"evf-container default\" id=\"evf-2831\"><form id=\"evf-form-2831\" class=\"everest-form\" data-formid=\"2831\" data-ajax_submission=\"0\" data-keyboard_friendly_form=\"0\" method=\"post\" enctype=\"multipart\/form-data\" action=\"\/home\/wp-json\/wp\/v2\/pages\/2307\"><div class=\"evf-field-container\"><input type=\"hidden\" id=\"_wpnonce2831\" name=\"_wpnonce2831\" value=\"5690a21fc1\" \/><input type=\"hidden\" name=\"_wp_http_referer\" value=\"\/home\/wp-json\/wp\/v2\/pages\/2307\" \/><div class=\"evf-frontend-row\" data-row=\"row_1\" conditional_rules=\"[]\"><div class=\"evf-frontend-grid evf-grid-1\" data-grid=\"grid_1\"><div id=\"evf-2831-field_fullname-container\" class=\"evf-field evf-field-text form-row validate-required\" data-required-field-message=\"This field is required.\" data-field-id=\"fullname\"><label class=\"evf-field-label\" for=\"evf-2831-field_fullname\"><span class=\"evf-label\">Nome<\/span> <abbr class=\"required\" title=\"Required\">*<\/abbr><\/label><input type=\"text\" id=\"evf-2831-field_fullname\" class=\"input-text\" name=\"everest_forms[form_fields][fullname]\" required><\/div><div id=\"evf-2831-field_xKa4SzK76m-1-container\" class=\"evf-field evf-field-text form-row validate-required\" data-required-field-message=\"This field is required.\" data-field-id=\"xKa4SzK76m-1\"><label class=\"evf-field-label\" for=\"evf-2831-field_xKa4SzK76m-1\"><span class=\"evf-label\">Morada Completa<\/span> <abbr class=\"required\" title=\"Required\">*<\/abbr><\/label><input type=\"text\" id=\"evf-2831-field_xKa4SzK76m-1\" class=\"input-text\" name=\"everest_forms[form_fields][xKa4SzK76m-1]\" required><\/div><div id=\"evf-2831-field_aYB0WNmBTY-2-container\" class=\"evf-field evf-field-number form-row validate-required\" data-required-field-message=\"Please enter a valid number.\" data-field-id=\"aYB0WNmBTY-2\"><label class=\"evf-field-label\" for=\"evf-2831-field_aYB0WNmBTY-2\"><span class=\"evf-label\">Telefone<\/span> <abbr class=\"required\" title=\"Required\">*<\/abbr><\/label><input type=\"number\" id=\"evf-2831-field_aYB0WNmBTY-2\" class=\"input-text\" name=\"everest_forms[form_fields][aYB0WNmBTY-2]\" required\/><\/div><div id=\"evf-2831-field_email-container\" class=\"evf-field evf-field-email form-row validate-required validate-email\" data-required-field-message=\"solivasgp@gmail.com\" data-field-id=\"email\"><label class=\"evf-field-label\" for=\"evf-2831-field_email\"><span class=\"evf-label\">Email<\/span> <abbr class=\"required\" title=\"Required\">*<\/abbr><\/label><input type=\"email\" id=\"evf-2831-field_email\" class=\"input-text\" name=\"everest_forms[form_fields][email]\" required ><\/div><div id=\"evf-2831-field_message-container\" class=\"evf-field evf-field-textarea form-row\" data-field-id=\"message\"><label class=\"evf-field-label\" for=\"evf-2831-field_message\"><span class=\"evf-label\">Mensagem<\/span> <\/label><textarea id=\"evf-2831-field_message\" class=\"input-text\" name=\"everest_forms[form_fields][message]\"  ><\/textarea><\/div><\/div><\/div><\/div><div class=\"evf-honeypot-container evf-field-hp\"><label for=\"evf-2831-field-hp\" class=\"evf-field-label\">Message<\/label><input type=\"text\" name=\"everest_forms[hp]\" id=\"evf-2831-field-hp\" class=\"input-text\"><\/div><div class=\"evf-submit-container \" ><input type=\"hidden\" name=\"everest_forms[id]\" value=\"2831\"><input type=\"hidden\" name=\"everest_forms[author]\" value=\"1\"><button type='submit' name='everest_forms[submit]' class='everest-forms-submit-button button evf-submit ' id='evf-submit-2831' value='evf-submit' data-process-text=\"Processando\u2026\" conditional_rules='&quot;&quot;' conditional_id='evf-submit-2831'  id=\"evf-submit-2831\" aria-live=\"assertive\">Enviar<\/button><\/div><\/form><\/div><!-- .evf-container --><\/div><\/div>\n<\/div>\n","protected":false},"excerpt":{"rendered":"<p>Onde Estamos Sintra Rua M\u00e1rio Costa Ferreira Lima, 3, 2710-430, Sintra, Portugal jaa@jaa.pt +351 219236680 Fale conosco Estamos \u00e0 disposi\u00e7\u00e3o e prontos para ajudar com qualquer d\u00favida, coment\u00e1rio ou opini\u00e3o que voc\u00ea possa ter. Vamos conversar!<\/p>\n","protected":false},"author":1,"featured_media":2727,"parent":0,"menu_order":0,"comment_status":"closed","ping_status":"closed","template":"","meta":{"_regular_price":[],"currency_symbol":[],"_monsterinsights_skip_tracking":false,"_monsterinsights_sitenote_active":false,"_monsterinsights_sitenote_note":"","_monsterinsights_sitenote_category":0,"footnotes":""},"class_list":["post-2307","page","type-page","status-publish","has-post-thumbnail","hentry"],"aioseo_notices":[],"post_slider_layout_featured_media_urls":{"thumbnail":["https:\/\/jaa.pt\/home\/wp-content\/uploads\/2023\/02\/jaa_20150428_100942-150x150.jpg",150,150,true],"post_slider_layout_landscape_large":["https:\/\/jaa.pt\/home\/wp-content\/uploads\/2023\/02\/jaa_20150428_100942-1200x800.jpg",1200,800,true],"post_slider_layout_portrait_large":["https:\/\/jaa.pt\/home\/wp-content\/uploads\/2023\/02\/jaa_20150428_100942-1200x1800.jpg",1200,1800,true],"post_slider_layout_square_large":["https:\/\/jaa.pt\/home\/wp-content\/uploads\/2023\/02\/jaa_20150428_100942-1200x1200.jpg",1200,1200,true],"post_slider_layout_landscape":["https:\/\/jaa.pt\/home\/wp-content\/uploads\/2023\/02\/jaa_20150428_100942-600x400.jpg",600,400,true],"post_slider_layout_portrait":["https:\/\/jaa.pt\/home\/wp-content\/uploads\/2023\/02\/jaa_20150428_100942-600x900.jpg",600,900,true],"post_slider_layout_square":["https:\/\/jaa.pt\/home\/wp-content\/uploads\/2023\/02\/jaa_20150428_100942-600x600.jpg",600,600,true],"full":["https:\/\/jaa.pt\/home\/wp-content\/uploads\/2023\/02\/jaa_20150428_100942-scaled.jpg",2560,1440,false]},"_links":{"self":[{"href":"https:\/\/jaa.pt\/home\/wp-json\/wp\/v2\/pages\/2307","targetHints":{"allow":["GET"]}}],"collection":[{"href":"https:\/\/jaa.pt\/home\/wp-json\/wp\/v2\/pages"}],"about":[{"href":"https:\/\/jaa.pt\/home\/wp-json\/wp\/v2\/types\/page"}],"author":[{"embeddable":true,"href":"https:\/\/jaa.pt\/home\/wp-json\/wp\/v2\/users\/1"}],"replies":[{"embeddable":true,"href":"https:\/\/jaa.pt\/home\/wp-json\/wp\/v2\/comments?post=2307"}],"version-history":[{"count":17,"href":"https:\/\/jaa.pt\/home\/wp-json\/wp\/v2\/pages\/2307\/revisions"}],"predecessor-version":[{"id":2833,"href":"https:\/\/jaa.pt\/home\/wp-json\/wp\/v2\/pages\/2307\/revisions\/2833"}],"wp:featuredmedia":[{"embeddable":true,"href":"https:\/\/jaa.pt\/home\/wp-json\/wp\/v2\/media\/2727"}],"wp:attachment":[{"href":"https:\/\/jaa.pt\/home\/wp-json\/wp\/v2\/media?parent=2307"}],"curies":[{"name":"wp","href":"https:\/\/api.w.org\/{rel}","templated":true}]}}